units digit of g(72)?
2
Let p = 107 + 251. What is the hundreds digit of p?
3
Let k(a) = a**2 + 15*a - 17. Let j be k(-9). Let g = j + 42. Let q = -21 - g. What is the units digit of q?
8
What is the hundreds digit of (-225)/150*9388/(-6)?
3
Suppose 0 = -0*r - r. Suppose r = q - 17 - 10. What is the tens digit of q?
2
Let f = -386 - -548. Suppose 17*c - 18*c + f = 0. What is the tens digit of c?
6
Let d = 73 + -69. Suppose -d*u + 46 = -14. What is the tens digit of u?
1
Let a(w) = w**3 - 16*w**2 - 8*w - 69. What is the tens digit of a(23)?
5
Suppose 2*s + 5 - 9 = 0. Suppose 0 = u + s*u - 288. Suppose 0*q - 3*q = -u. What is the tens digit of q?
3
Suppose -2*p + 162 = 4*j, -5*p - 5*j - 55 = -435. Suppose 4*y = 117 + p. What is the units digit of y?
7
Let z = 8 + -8. Let a be 3 + z + -3 - -4. Suppose -3*w + 38 = 5*c, -5*c = -a*w - 3*c + 68. What is the tens digit of w?
1
Let a(t) = -124*t**3 + t**2 + t + 1. Suppose 3*d + 4*n = 13, 23 = -d + 4*n + 6. What is the units digit of a(d)?
5
Let v = 65 - 101. What is the tens digit of 11*8*v/(-48)?
6
Let f = 992 - 139. What is the hundreds digit of f?
8
Let v(r) = -2*r**3 - 13*r**2 + 9*r + 16. Let z be v(-7). Suppose -920 = -5*m - 4*i, -m + 515 = z*m - 5*i. What is the units digit of m?
0
What is the hundreds digit of 1944 + (0 - (-5 + (-3 - -5)))?
9
Let k(d) = -d**2 - 12*d - 4. Let u be 0/(0 + (-4)/4). Let s be (-2 - 1) + (u - 5). What is the tens digit of k(s)?
2
Let f(p) = 20*p**2 + 3*p - 6. Let t be f(2). Suppose -v + 150 + t = -a, a = -2*v + 463. What is the units digit of v?
1
Suppose -333 = 5*z - 1203. What is the units digit of z?
4
Let r(p) = -p**2 - 11*p - 13. Let u be r(-9). Suppose 0*w + 4*m - 61 = -w, -3*w + 268 = -u*m. What is the tens digit of w?
8
Let j(g) = 1038*g**2 + 20*g + 21. What is the hundreds digit of j(-1)?
0
Let m(d) = 184*d - 151. What is the thousands digit of m(7)?
1
Suppose -b - v = -6*v - 33, -5*b + 65 = -5*v. What is the tens digit of b/(-16) + 155/2?
7
Let h be (4 + (-10)/3)/(2/6). Let v(u) = -u**2 - 702. Let q be v(0). What is the tens digit of h/5 + q/(-45)?
1
Let p = 59 + -20. Let o = p + -81. Let v = o - -98. What is the tens digit of v?
5
Suppose 5*g - 6424 = -5*c - 2219, 4199 = 5*c - g. Suppose -5*t + c = 5*d, 3*t + t + 148 = d. What is the tens digit of d?
6
Suppose 2*s + 6*z - 4*z - 286 = 0, 2*s - 3*z = 266. Let k = s + -7. What is the tens digit of k?
3
Suppose -4*p + 1976 = -1732. What is the tens digit of p?
2
Let u be (-23 - -13)*(-1)/2. Suppose -57 = -h + u*x + 30, -2*x - 4 = 0. What is the tens digit of h?
7
Let g(t) = 0*t + 6*t + 14*t - 4*t + 3. Let u(s) = 15*s + 2. Let z(a) = -3*g(a) + 2*u(a). What is the tens digit of z(-2)?
3
Let n(p) = p**3 - p - 4. Let d be n(4). Let l = d - 101. Let a = -21 - l. What is the units digit of a?
4
Let t(c) be the second derivative of -c**6/240 - c**5/20 - 11*c**4/12 + 8*c. Let d(b) be the third derivative of t(b). What is the units digit of d(-6)?
2
Suppose -3*w = 5*q - 8332, -w + 2368 = -5*q + 10684. What is the hundreds digit of q?
6
Let q be 6*2*6/12. Let g(d) = d**2 - 7*d. Let f be g(q). What is the units digit of (-44)/f - (-5)/(-15)?
7
Suppose -53*w + 51*w + 10 = 0. What is the tens digit of (-3)/(6*w/(-260))?
2
What is the tens digit of -7 - -2503 - (8 + 2)?
8
Suppose 938 = 2*w + 12*z - 14*z, 3*w - z = 1417. What is the tens digit of w?
7
Let s be -2 + 12 + (-10 - -6). Suppose -2*u + 22 + s = 0. Suppose 0 = -3*i + 4*x + 32, x = i - x - u. What is the units digit of i?
4
Let f(d) = -68*d - 3. Let c(k) = 68*k + 3. Let w(h) = 5*c(h) + 6*f(h). What is the units digit of w(-3)?
1
Let g = -39 + 35. What is the units digit of ((-4)/g)/(3/66)?
2
Suppose 6 = -3*i - 3*b, 2 = -3*i - 4*b - 7. What is the tens digit of (i - 4)/(3/(-47))?
4
Let q be (-137 - 4)*1 - -4. Let v = q - -247. What is the tens digit of v?
1
Let i(r) = -r**2 + 15*r - 12. What is the units digit of i(10)?
8
Suppose 3*k + 5*s - 7 = 27, 0 = -4*k + 3*s - 3. Let o(z) = 7*z**2 + 3*z - 4. What is the units digit of o(k)?
8
Let h(v) = -v**2 - 23*v + 16*v + 6*v. Let i(d) = -3*d**2 - 8*d - 6. Let a(p) = 2*h(p) - i(p). What is the tens digit of a(-7)?
1
Let t = 219 + 40. What is the units digit of t?
9
Let b = -198 + 526. Let v be 13/78 + (-22)/(-12). What is the units digit of (v/(-4))/((-4)/b)?
1
Let z = -21 - -21. Suppose z = -5*t - 20, 2*u + 183 = 5*u + 3*t. Suppose -u = -5*y - 0*y. What is the tens digit of y?
1
Let g(p) = -p**2 - 7*p - 4. Let b be g(-5). Suppose -x + 2*d = -b, -3*d + 1 = x + 5. Suppose 0 = -3*c - x*v + 101, v = -c - c + 66. What is the tens digit of c?
3
Let o(t) = 4*t**2 - 7*t + 2. Let v be o(2). Suppose -v*s = -59 - 169. What is the tens digit of s?
5
Let q be 4 + -1 - (4 - 0). What is the tens digit of 46*(q - (-25)/10)?
6
Let b = 427 + -421. What is the units digit of b?
6
Let w(g) = 12*g + 187. What is the tens digit of w(-9)?
7
What is the units digit of 8/(12 + (-16610)/1385)?
8
Let i(u) = 18*u**3 - 1. Let c be i(1). Let y be c/3 - 12/18. Suppose 0*r + y*r = 80. What is the units digit of r?
6
Let y = -24 + 31. Suppose y = q - 10. Suppose -16*i + q*i - 56 = 0. What is the tens digit of i?
5
Suppose 23 = -7*d + 2. What is the tens digit of (-1*(-7)/2)/(d/(-78))?
9
Let o(u) = u**3 + 16*u**2 - u + 50. What is the tens digit of o(-8)?
7
Suppose -5*m - 4*v + 1853 = -1528, 3*m + 5*v = 2026. What is the hundreds digit of m?
6
Suppose 42*a - 16*a - 42328 = 0. What is the thousands digit of a?
1
What is the thousands digit of (-1988)/(((-1)/(-3))/((-6)/9))?
3
Suppose y - 1479 = 5*m, -3*y + 0*m + 4373 = m. What is the tens digit of y?
5
Suppose d = -3*p + 23, -d - 2 = -3*p - 19. Let x = d + -22. What is the tens digit of -9 + 36 + 1 + x?
2
Suppose 8 = n + 7. Suppose l - n = 10. Suppose -z + l = -10. What is the tens digit of z?
2
What is the tens digit of 36/17 + -2 + 51944/68?
6
Let w be (-12)/(-18)*((-295)/2 - -2). Let g = w + 181. What is the tens digit of g?
8
Let y be ((-6)/14)/((-6)/42). Suppose -y*u - 13 = -40. What is the units digit of (u/(-12))/(7/(-196))?
1
Suppose 2*s - 10 = -0. Suppose 4*q - q = 3*c - 39, s*c + 4*q = 38. Let x = -8 + c. What is the units digit of x?
2
Let z(n) = -n - 5. Let d be z(-7). Let b(w) = -4*w + 17*w + w + 0*w**2 + 18 + w**d. What is the units digit of b(-13)?
5
Let r = -2782 + 4038. What is the units digit of r?
6
Let s = -21 + 230. What is the tens digit of s?
0
Let f = 136 - 83. Let h = f - -111. What is the units digit of h?
4
What is the units digit of (1 + 8)/(6 - 5)?
9
Suppose 5*p - 14*p = 0. Suppose -4*g = -p*l - 4*l - 464, -364 = -3*g - 5*l. What is the hundreds digit of g?
1
Let c(v) = -24*v**2 + v**3 - 1 + 6*v**2 - 2*v**3 + 16*v**2 + 9*v. What is the tens digit of c(-6)?
8
Let q(j) = j + 10. Let a be q(-8). Suppose 8*n - a*n = 90. What is the units digit of n?
5
Suppose -j - j = 2*q - 8, -2*j + 3*q - 2 = 0. Suppose -j*f + 10 = 0, 2*f = -y + 4*f - 5. Suppose 62 = -y*z + 207. What is the tens digit of z?
2
Let j be 1/(-2) + (-165)/6. Let n be 69/(-9)*(-10 - -4). Let r = j + n. What is the units digit of r?
8
Let f(b) = -21*b + 2. What is the units digit of f(-4)?
6
Let k(t) = -t**3 + 6*t**2 + 12*t + 17. Let c be k(7). Suppose -c = -l + 11. What is the tens digit of l?
6
Suppose 0 = 5*w - 5*y - 1050, -2*y - 2*y = -w + 219. Let b = 411 - w. What is the hundreds digit of b?
2
Let h be -16*(276/(-16) + -3). Suppose 2*n = -n + h. Suppose n = -8*x + 11*x. What is the units digit of x?
6
Suppose 4*v + 11389 = 3*j, 11404 = 3*j - v - 0*v. What is the units digit of j?
3
Let l = 1586 + -868. What is the units digit of l?
8
Let p(b) = b**3 + 2*b**2 - 5*b - 13 - 7*b**2 - b**2. What is the tens digit of p(8)?
7
Let u = -128 - -54. Let i = u - -81. What is the units digit of i?
7
Let z(i) = i**3 + 6*i**2 + 3*i - 4. Let c be z(-5). Let q = -4 + c. Suppose 3*h - 144 = -5*m, 0 = -q*h + 7*h - 15. What is the tens digit of m?
2
Let t(k) = k**2 + 13*k - 3. Let f be t(-13). Let m be 1 - 3/f*-4. What is the tens digit of 9/3 + 20 + m?
2
Suppose 4*z - 5*q = -7*q + 214, -z + 67 = -4*q. What is the units digit of z?
5
Suppose -25 = -4*h - h. Let g(c) = -c**3 + c - 6*c - h*c + 15*c**2 - 2. What is the units digit of g(14)?
4
Let w(d) = -61*d + 33. What is the thousands digit of w(-24)?
1
Suppose 2*n + 2*n = 5*s - 217,